t(z) be the third derivative of z**4/12 - z**3/6 + 2*z**2. Let q be t(8). Let g = q - -1. Calculate the highest common factor of 48 and g.
16
Suppose -4*z + 4*r = -312, -z = -2*r + 3 - 79. What is the highest common divisor of 10 and z?
10
Let z(u) = 3*u + 118. Let i be z(-22). Let f be 1351/21 - (-4)/6. Calculate the greatest common divisor of f and i.
13
Let f(o) = o**2 + 5*o - 4. Let p be f(-5). Let w be 5 + p/(12/9). Suppose -3*s + 300 = w*s. Calculate the greatest common factor of 24 and s.
12
Let u = 1588 - 1577. Calculate the greatest common divisor of 5 and u.
1
Let d = -11 - -16. Suppose -u - d*h = 2*u - 75, -u = h - 23. Suppose 8*q - 40 = 4*q. What is the greatest common divisor of u and q?
10
Let q be (4/(-10) - 0)/((-7)/420). Suppose -3*b + q = -30. What is the highest common divisor of b and 18?
18
Let a be (-589)/93 - (-1)/3*1. Let y(h) = 4*h**2 + 14*h + 20. Let f be y(a). What is the greatest common factor of 60 and f?
20
Suppose 0 = -a + 2*j + 15, a + 3*a - 16 = -3*j. Calculate the greatest common divisor of 1638 and a.
7
Let g(z) = 4*z**2 + 8*z. Let i be g(2). Calculate the greatest common divisor of 1 and i.
1
Suppose 103*l = 104*l - 3. Suppose 452 = l*q - 0*k + k, 4*q + 5*k = 610. Calculate the highest common divisor of 50 and q.
50
Let j = 1028 - 998. What is the greatest common divisor of 330 and j?
30
Let b = -116 + 148. Calculate the greatest common factor of b and 384.
32
Let r(k) = -2*k**3 - 2*k**2 + 2. Let v be r(-1). Suppose -11 = 3*j - 4*a, -5*j + v*j - 4*a + 29 = 0. What is the highest common factor of j and 6?
3
Let j be (-2)/7 + (-16)/(-7). Let k(i) = i + 2. Let g be k(7). Let q be g/(-3) + 9 - 1. Calculate the highest common factor of q and j.
1
Let i(n) = 595*n - 2. Let b be i(1). Suppose -7 = -6*k + b. Suppose -a - k = -6*a. What is the highest common factor of 8 and a?
4
Let d(r) = -r**3 - 15*r**2 + 27*r + 32. Let s be d(-17). Let c = s - 103. Calculate the highest common factor of 12 and c.
12
Let z(l) = 20*l + 26*l - 44*l. Let h be z(8). Calculate the highest common factor of 4 and h.
4
Suppose 22 = y - 62. Let p = -57 - -69. What is the highest common factor of y and p?
12
Let x(d) = 10*d - 7. Let z be x(7). Let l = z + 2. Let b = l - 23. What is the highest common factor of 21 and b?
21
Suppose -31 = 5*a - 36. Let d be a + -5 - (-15 + -15). Calculate the highest common divisor of d and 234.
26
Let f(v) = -2*v + 2. Let k be f(6). Let c = k + 50. Let d(u) = u**3 + 5*u + 8. Let p be d(0). Calculate the greatest common divisor of p and c.
8
Suppose 76*b = 71*b - 25, -v + 3*b = -343. What is the greatest common factor of v and 123?
41
Suppose 1 = 2*h + 4*g - 3, 4*g = -3*h + 2. Let c(l) = -29*l**3 - 2*l**2 - 3*l - 10. Let b be c(h). Calculate the greatest common divisor of b and 22.
22
Suppose -2*p = -5*r + 2*p + 16, -19 = -4*r - 3*p. Suppose 3*d = 3*t - 105, -3*t + t + r*d + 80 = 0. What is the greatest common factor of 50 and t?
10
Let t = -206 + 398. Calculate the highest common divisor of t and 36.
12
Let c be (-14)/(3 + -5) + -3. Suppose 0*f - c = -f. Suppose 3*i + 100 = f*i. Calculate the greatest common factor of i and 20.
20
Let n = 69 + -20. Suppose 4*k - 2*g = 20, 0*k - 3*k + 9 = -3*g. What is the greatest common divisor of k and n?
7
Suppose 80*a - 136 = 78*a. Let r = a - 34. What is the greatest common divisor of r and 85?
17
Let d be (-30)/4*1*-4. Suppose 5*n = 35 + 63 - 23. What is the highest common factor of n and d?
15
Suppose 5*d + 901 = -5*z - 39, -4*z + 3*d - 724 = 0. Let q = 8 - 4. Let t be q + z/(6/(-3)). Calculate the highest common divisor of t and 12.
12
Let k(a) = 16*a**2 - a + 1. Let q be k(1). Let c(l) = 7*l + 29. Let m be c(-3). What is the greatest common factor of m and q?
8
Let j be (-108)/(-20) + (-2)/5. Suppose 5 = j*p - 10. Suppose 43 = p*u - 17. What is the greatest common divisor of 180 and u?
20
Suppose 0 = -14*c - 0*c + 1316. Calculate the greatest common factor of c and 423.
47
Let l be 4/10 - 4/10. Suppose -73 = -3*z - 5*a, -z - 2*a = -l*z - 26. Suppose 0 = 268*t - 253*t - 1200. What is the greatest common factor of t and z?
16
Suppose 4*l - 2*l = b + 379, b - 581 = -3*l. What is the highest common divisor of l and 408?
24
Let h(y) = 8 + y**3 + 9*y**2 + 3*y**3 + 15*y - 3*y**3. Suppose -29*f - 127 - 47 = 0. Let o be h(f). What is the greatest common divisor of 208 and o?
26
Suppose 2*o + 1 = -2*b - 5, -4*b + 4*o = -28. Calculate the greatest common divisor of b and 48.
2
Let j = 0 - -2. Let d be 0/(-5 - (-4 - -1)). Let u = 1 - d. What is the greatest common divisor of u and j?
1
Let h = 68 + 1. Let l = -406 + 429. What is the highest common divisor of h and l?
23
Let x(i) be the third derivative of i**4/8 - i**3 + 3*i**2. Let b be 56/(-105)*-10 + 4/6. Let g be x(b). What is the greatest common factor of 4 and g?
4
Suppose -16 = -2*v - c, -5*v + 3*v + 4*c = -16. Suppose -4 = -3*p + v. What is the greatest common divisor of p and 36?
4
Let j(v) = 8*v**3. Let u be j(1). Suppose 2*d + 3*y + 68 = 6*d, 4 = y. Suppose k + 1 = -5*f - 1, -2*f = 3*k - d. What is the highest common divisor of u and k?
8
Suppose 4*u - 29 = -3*w, 5*u - w + 5 = 27. Let r be ((-1)/(-2))/(35/3850). Calculate the highest common divisor of r and u.
5
Let z = -32 - -46. Let m be (-346)/(-6) - z/21. What is the greatest common factor of 38 and m?
19
Let o be 418/8 - (-1)/(-8)*2. Let q = 1 + o. What is the highest common divisor of 477 and q?
53
Suppose 0 = 306*t - 308*t + 22. Let v = 7 + -3. Suppose -v*u = -2*u - 5*c - 22, 5*u + 2*c + 3 = 0. What is the greatest common divisor of u and t?
1
Let n be 1/(-4) + (-75)/(-12). Suppose 0 = 308*o - 4907 - 17269. What is the highest common divisor of n and o?
6
Suppose -6*f + 3*f - 5*w + 33 = 0, 2*f + 4*w = 24. What is the highest common factor of f and 114?
6
Let k(g) = -92*g**2 - 5*g + 13. Let u(v) = 23*v**2 + v - 3. Let z(w) = 4*k(w) + 18*u(w). Let a be z(-1). Calculate the greatest common divisor of 92 and a.
46
Suppose -4*x + 2*i + 49 = -27, 0 = x - 2*i - 19. What is the greatest common factor of x and 95?
19
Suppose -10*a - 4*h + 72 = -8*a, -3*h = -5*a + 219. Let z be 41/3 + 1/3. Calculate the highest common factor of a and z.
14
Suppose -3*s + 2*d + 59 = 0, 5*s - 97 = -39*d + 41*d. Calculate the greatest common factor of s and 16.
1
Let o(g) = g**2 + 19*g - 298. Let r be o(-30). What is the greatest common divisor of 592 and r?
16
Let g(z) be the first derivative of z**4/4 - 7*z**2/2 + 9*z - 17. Let o be g(4). Calculate the highest common divisor of o and 180.
45
Let n be 1/(-4) + 269/4. Let t = n + 9. Let x = -601 - -620. Calculate the greatest common divisor of x and t.
19
Let s(u) = u**3 - 2*u**2 + u - 1. Let t be s(2). Let b be (-20 + 5)*(t - (-5)/(-3)). Calculate the greatest common factor of 80 and b.
10
Let f(b) = b + 15. Let k(d) = 5*d + 76. Let l(u) = -11*f(u) + 2*k(u). Let q be l(-6). Let n be (q*1)/((-3)/15). What is the highest common factor of n and 5?
5
Let y = -721 - -800. What is the greatest common factor of y and 1?
1
Let u be (-2)/(-4) + (-3)/6. Let l(p) = 2*p + 1. Let m(h) = 4*h + 6. Let g(c) = -5*l(c) + 2*m(c). Let q be g(u). What is the highest common factor of 56 and q?
7
Suppose 2*u = -3*t + 509, -12*t + 10*t + 338 = 2*u. What is the greatest common factor of 54 and t?
9
Let i be (-40)/((-5)/1) + 2*-1. Suppose -n = -i*n + 160. What is the greatest common factor of n and 160?
32
Suppose 41*l - 48*l = -3045. Suppose -l = -5*q + 365. Calculate the highest common divisor of q and 20.
20
Let q(w) = -4*w - 51. Let i be q(-24). Calculate the greatest common factor of i and 45.
45
Suppose -14 = -4*z - 2*g, -62*z + g + 9 = -60*z. Let x(o) = -3*o - 7. Let f be x(-5). What is the greatest common factor of z and f?
4
Suppose g - 14 = 35. Let z be 1*g*18/63. Let j be 2/10 - 4401/(-45). What is the highest common factor of z and j?
14
Suppose -63*r = -29*r - 34816. What is the highest common divisor of r and 64?
64
Let m(f) = f**3 - 25*f**2 + 30*f + 156. Let q be m(24). What is the greatest common divisor of q and 84?
12
Let t = 39 - 30. Suppose -5*v + 0*c + 81 = 3*c, -66 = -3*v + 4*c. Calculate the highest common divisor of t and v.
9
Let p(a) = 14*a**2 + 2*a - 2. Let r be p(2). Suppose -v + 42 = -r. Let f = 43 + -18. Calculate the highest comm